{"id":463,"date":"2009-05-12T12:04:21","date_gmt":"2009-05-12T11:04:21","guid":{"rendered":"http:\/\/www.vogelfreunde-coesfeld.de\/?page_id=463"},"modified":"2022-01-28T08:11:21","modified_gmt":"2022-01-28T07:11:21","slug":"vogelborse","status":"publish","type":"page","link":"https:\/\/www.vogelfreunde-coesfeld.de\/?page_id=463","title":{"rendered":"Vogelb\u00f6rse"},"content":{"rendered":"<p style=\"text-align: left;\"><strong><span style=\"font-size: medium;\">Liebe(r) Besucher(in),<br \/>\n bitte tragen Sie in das folgende Formular ein Verkauf-, Kauf- oder Tauschangebot ein.<\/span><\/strong><\/p>\n<p><strong><br \/>\n <\/strong><\/p>\n<p><strong><br class=\"spacer_\" \/><\/strong><strong><span style=\"font-size: small;\">Der Anbieter ist f\u00fcr die angebotenen V\u00f6gel nebst Einhaltung entsprechender Vorschriften verantwortlich. Die Anzeigen werden automatisch nach zwei Monaten gel\u00f6scht.<\/span><\/strong><\/p>\n","protected":false},"excerpt":{"rendered":"<p>Liebe(r) Besucher(in), bitte tragen Sie in das folgende Formular ein Verkauf-, Kauf- oder Tauschangebot ein. Der Anbieter ist f\u00fcr die angebotenen V\u00f6gel nebst Einhaltung entsprechender Vorschriften verantwortlich. Die Anzeigen werden automatisch nach zwei Monaten gel\u00f6scht.<\/p>\n","protected":false},"author":1,"featured_media":0,"parent":0,"menu_order":100,"comment_status":"closed","ping_status":"closed","template":"","meta":{"footnotes":""},"class_list":["post-463","page","type-page","status-publish","hentry"],"_links":{"self":[{"href":"https:\/\/www.vogelfreunde-coesfeld.de\/index.php?rest_route=\/wp\/v2\/pages\/463","targetHints":{"allow":["GET"]}}],"collection":[{"href":"https:\/\/www.vogelfreunde-coesfeld.de\/index.php?rest_route=\/wp\/v2\/pages"}],"about":[{"href":"https:\/\/www.vogelfreunde-coesfeld.de\/index.php?rest_route=\/wp\/v2\/types\/page"}],"author":[{"embeddable":true,"href":"https:\/\/www.vogelfreunde-coesfeld.de\/index.php?rest_route=\/wp\/v2\/users\/1"}],"replies":[{"embeddable":true,"href":"https:\/\/www.vogelfreunde-coesfeld.de\/index.php?rest_route=%2Fwp%2Fv2%2Fcomments&post=463"}],"version-history":[{"count":37,"href":"https:\/\/www.vogelfreunde-coesfeld.de\/index.php?rest_route=\/wp\/v2\/pages\/463\/revisions"}],"predecessor-version":[{"id":6704,"href":"https:\/\/www.vogelfreunde-coesfeld.de\/index.php?rest_route=\/wp\/v2\/pages\/463\/revisions\/6704"}],"wp:attachment":[{"href":"https:\/\/www.vogelfreunde-coesfeld.de\/index.php?rest_route=%2Fwp%2Fv2%2Fmedia&parent=463"}],"curies":[{"name":"wp","href":"https:\/\/api.w.org\/{rel}","templated":true}]}}